{"id":1438,"date":"2020-05-08T23:06:41","date_gmt":"2020-05-08T23:06:41","guid":{"rendered":"https:\/\/fprimera.rsanchez.pe\/?page_id=1438"},"modified":"2020-05-22T18:54:22","modified_gmt":"2020-05-22T23:54:22","slug":"expositores","status":"publish","type":"page","link":"https:\/\/ademinsa.com\/aulavirtual\/expositores\/","title":{"rendered":"Expositores"},"content":{"rendered":"\t\t<div data-elementor-type=\"wp-page\" data-elementor-id=\"1438\" class=\"elementor elementor-1438\" data-elementor-settings=\"[]\">\n\t\t\t\t\t\t<div class=\"elementor-inner\">\n\t\t\t\t\t\t\t<div class=\"elementor-section-wrap\">\n\t\t\t\t\t\t\t<section class=\"elementor-section elementor-top-section elementor-element elementor-element-54fd331f elementor-section-boxed elementor-section-height-default elementor-section-height-default\" data-id=\"54fd331f\" data-element_type=\"section\">\n\t\t\t\t\t\t<div class=\"elementor-container elementor-column-gap-default\">\n\t\t\t\t\t\t\t<div class=\"elementor-row\">\n\t\t\t\t\t<div class=\"elementor-column elementor-col-100 elementor-top-column elementor-element elementor-element-1424fd2f\" data-id=\"1424fd2f\" data-element_type=\"column\">\n\t\t\t<div class=\"elementor-column-wrap elementor-element-populated\">\n\t\t\t\t\t\t\t<div class=\"elementor-widget-wrap\">\n\t\t\t\t\t\t<div class=\"elementor-element elementor-element-30e199c elementor-widget elementor-widget-shortcode\" data-id=\"30e199c\" data-element_type=\"widget\" data-widget_type=\"shortcode.default\">\n\t\t\t\t<div class=\"elementor-widget-container\">\n\t\t\t\t\t<div class=\"elementor-shortcode\"><div id=\"awsm-team-1731\" class=\"awsm-grid-wrapper\">\n\t\t\n\t<div class=\"awsm-modal\">\n\t\t\t<div class=\"awsm-grid-modal awsm-grid slide-ins-style style-2 grid-4-col \">\n\t\t\t\t\t\t<div id=\"awsm-member-1731-2060\" class=\"awsm-grid-card awsm-team-item awsm-scale-anm  awsm-all\">\n\t\t\t\t\t<a href=\"#\" class=\"awsm-modal-trigger\" data-trigger=\"#slide-ins-1731-2060\">\n\t\t\t\t\t\t<figure>\n\t\t\t\t\t\t\t\t<img loading=\"lazy\" decoding=\"async\" width=\"500\" height=\"500\" src=\"https:\/\/ademinsa.com\/aulavirtual\/wp-content\/uploads\/2020\/07\/alan-barboza-500x500.jpg\" class=\"attachment-awsm_team size-awsm_team wp-post-image\" alt=\"\" \/>\t\t\t\t\t\t\t\t<figcaption>\n\t\t\t\t\t\t\t\t\t<div class=\"awsm-personal-info\">\n\t\t\t\t\t\t\t\t\t\t<span>Ingeniero Mec\u00e1nico<\/span>\t\t\t\t\t\t\t\t\t\t<h3>ALAN BARBOZA MIRANDA<\/h3>\n\t\t\t\t\t\t\t\t\t<\/div>\n\t\t\t\t\t\t\t\t<\/figcaption>\n\t\t\t\t\t\t<\/figure>\n\t\t\t\t\t<\/a>\n\t\t\t\t<\/div>\n\t\t\t\t\t\t\t<div id=\"awsm-member-1731-1863\" class=\"awsm-grid-card awsm-team-item awsm-scale-anm  awsm-all\">\n\t\t\t\t\t<a href=\"#\" class=\"awsm-modal-trigger\" data-trigger=\"#slide-ins-1731-1863\">\n\t\t\t\t\t\t<figure>\n\t\t\t\t\t\t\t\t<img loading=\"lazy\" decoding=\"async\" width=\"241\" height=\"250\" src=\"https:\/\/ademinsa.com\/aulavirtual\/wp-content\/uploads\/2020\/06\/areyna.jpg\" class=\"attachment-awsm_team size-awsm_team wp-post-image\" alt=\"\" \/>\t\t\t\t\t\t\t\t<figcaption>\n\t\t\t\t\t\t\t\t\t<div class=\"awsm-personal-info\">\n\t\t\t\t\t\t\t\t\t\t<span>CEO Ademinsac<\/span>\t\t\t\t\t\t\t\t\t\t<h3>Alberto Reyna O.<\/h3>\n\t\t\t\t\t\t\t\t\t<\/div>\n\t\t\t\t\t\t\t\t<\/figcaption>\n\t\t\t\t\t\t<\/figure>\n\t\t\t\t\t<\/a>\n\t\t\t\t<\/div>\n\t\t\t\t\t\t\t<div id=\"awsm-member-1731-1814\" class=\"awsm-grid-card awsm-team-item awsm-scale-anm  awsm-all\">\n\t\t\t\t\t<a href=\"#\" class=\"awsm-modal-trigger\" data-trigger=\"#slide-ins-1731-1814\">\n\t\t\t\t\t\t<figure>\n\t\t\t\t\t\t\t\t<img loading=\"lazy\" decoding=\"async\" width=\"500\" height=\"500\" src=\"https:\/\/ademinsa.com\/aulavirtual\/wp-content\/uploads\/2020\/05\/profesor2-500x500.jpg\" class=\"attachment-awsm_team size-awsm_team wp-post-image\" alt=\"\" \/>\t\t\t\t\t\t\t\t<figcaption>\n\t\t\t\t\t\t\t\t\t<div class=\"awsm-personal-info\">\n\t\t\t\t\t\t\t\t\t\t<span>Expositor Principal<\/span>\t\t\t\t\t\t\t\t\t\t<h3>Alejandro Calder\u00f3n Aguirre<\/h3>\n\t\t\t\t\t\t\t\t\t<\/div>\n\t\t\t\t\t\t\t\t<\/figcaption>\n\t\t\t\t\t\t<\/figure>\n\t\t\t\t\t<\/a>\n\t\t\t\t<\/div>\n\t\t\t\t\t\t\t<div id=\"awsm-member-1731-1911\" class=\"awsm-grid-card awsm-team-item awsm-scale-anm  awsm-all\">\n\t\t\t\t\t<a href=\"#\" class=\"awsm-modal-trigger\" data-trigger=\"#slide-ins-1731-1911\">\n\t\t\t\t\t\t<figure>\n\t\t\t\t\t\t\t\t<img loading=\"lazy\" decoding=\"async\" width=\"440\" height=\"440\" src=\"https:\/\/ademinsa.com\/aulavirtual\/wp-content\/uploads\/2020\/06\/alvaro.jpg\" class=\"attachment-awsm_team size-awsm_team wp-post-image\" alt=\"\" \/>\t\t\t\t\t\t\t\t<figcaption>\n\t\t\t\t\t\t\t\t\t<div class=\"awsm-personal-info\">\n\t\t\t\t\t\t\t\t\t\t<span>Ingeniero Mec\u00e1nico<\/span>\t\t\t\t\t\t\t\t\t\t<h3>Alvaro Reyna B.<\/h3>\n\t\t\t\t\t\t\t\t\t<\/div>\n\t\t\t\t\t\t\t\t<\/figcaption>\n\t\t\t\t\t\t<\/figure>\n\t\t\t\t\t<\/a>\n\t\t\t\t<\/div>\n\t\t\t\t\t\t\t<div id=\"awsm-member-1731-2089\" class=\"awsm-grid-card awsm-team-item awsm-scale-anm  awsm-all\">\n\t\t\t\t\t<a href=\"#\" class=\"awsm-modal-trigger\" data-trigger=\"#slide-ins-1731-2089\">\n\t\t\t\t\t\t<figure>\n\t\t\t\t\t\t\t\t<img loading=\"lazy\" decoding=\"async\" width=\"437\" height=\"500\" src=\"https:\/\/ademinsa.com\/aulavirtual\/wp-content\/uploads\/2020\/07\/RAMIRO-437x500.png\" class=\"attachment-awsm_team size-awsm_team wp-post-image\" alt=\"\" \/>\t\t\t\t\t\t\t\t<figcaption>\n\t\t\t\t\t\t\t\t\t<div class=\"awsm-personal-info\">\n\t\t\t\t\t\t\t\t\t\t<span>Ingeniero Mec\u00e1nico Electricista<\/span>\t\t\t\t\t\t\t\t\t\t<h3>ING. RAMIRO ESCOBAR<\/h3>\n\t\t\t\t\t\t\t\t\t<\/div>\n\t\t\t\t\t\t\t\t<\/figcaption>\n\t\t\t\t\t\t<\/figure>\n\t\t\t\t\t<\/a>\n\t\t\t\t<\/div>\n\t\t\t\t\t<\/div>\n\t\t<div class=\"awsm-modal-items slide-ins-style style-2 grid-4-col \">\n\t\t\t<div class=\"awsm-modal-items-main\">\n\t\t\t\t\t<div class=\"awsm-modal-header clearfix\">\n\t\t\t\t\t\t<a href=\"#\" class=\"awsm-modal-close\"><\/a>\n\t\t\t\t\t\t<span class=\"awsm-modal-nav\">\n\t\t\t\t\t\t<a href=\"#\" class=\"awsm-nav-item awsm-nav-left\"><i class=\"awsm-icon-arrow-left\"><\/i><\/a>\n\t\t\t\t\t\t<a href=\"#\" class=\"awsm-nav-item awsm-nav-right\"><i class=\"awsm-icon-arrow-right\"><\/i><\/a>\n\t\t\t\t\t\t<\/span>\n\t\t\t\t\t<\/div>\n\t\t\t\t\t<div id=\"slide-ins-1731-2060\" class=\"awsm-modal-item awsm-scale-anm awsm-all\">\n\t<div id=\"awsm-member-info-1731-2060\" class=\"awsm-modal-content\">\n\t\t<div class=\"awsm-modal-content-main\">\n\t\t\t<div class=\"awsm-modal-image-main\">\n\t\t\t\t<img loading=\"lazy\" decoding=\"async\" width=\"500\" height=\"500\" src=\"https:\/\/ademinsa.com\/aulavirtual\/wp-content\/uploads\/2020\/07\/alan-barboza-500x500.jpg\" class=\"attachment-awsm_team size-awsm_team wp-post-image\" alt=\"\" \/>\t\t\t<\/div>\n\t\t\t<div class=\"awsm-modal-details\">\n\t\t\t\t<h3>Ingeniero Mec\u00e1nico<\/h3><h2>ALAN BARBOZA MIRANDA<\/h2><p>Especialista en Mantenimiento Predictivo<\/p>\n<p>L\u00edder de Proyecto, QA\/QC en Proyecto, Analista de\u00a0 Mantenimiento Predictivo, Especialista en Alineamiento L\u00e1ser y Balanceo Din\u00e1mico<\/p>\n<div class=\"awsm-social-icons\"><span><a href=\"mailto:abarboza@ademinsa.com\"><i class=\"awsm-icon-mail\" aria-hidden=\"true\"><\/i><\/a><\/span><\/div>\t\t\t<\/div>\n\t\t<\/div>\n\t<\/div>\n<\/div>\n<div id=\"slide-ins-1731-1863\" class=\"awsm-modal-item awsm-scale-anm awsm-all\">\n\t<div id=\"awsm-member-info-1731-1863\" class=\"awsm-modal-content\">\n\t\t<div class=\"awsm-modal-content-main\">\n\t\t\t<div class=\"awsm-modal-image-main\">\n\t\t\t\t<img loading=\"lazy\" decoding=\"async\" width=\"241\" height=\"250\" src=\"https:\/\/ademinsa.com\/aulavirtual\/wp-content\/uploads\/2020\/06\/areyna.jpg\" class=\"attachment-awsm_team size-awsm_team wp-post-image\" alt=\"\" \/>\t\t\t<\/div>\n\t\t\t<div class=\"awsm-modal-details\">\n\t\t\t\t<h3>CEO Ademinsac<\/h3><h2>Alberto Reyna O.<\/h2><div class=\"awsm-social-icons\"><span><a href=\"tel:+51 1 2751588\"><i class=\"awsm-icon-phone\" aria-hidden=\"true\"><\/i><\/a><\/span><span><a href=\"mailto:ademinsa@ademinsa.com\"><i class=\"awsm-icon-mail\" aria-hidden=\"true\"><\/i><\/a><\/span><\/div>\t\t\t<\/div>\n\t\t<\/div>\n\t<\/div>\n<\/div>\n<div id=\"slide-ins-1731-1814\" class=\"awsm-modal-item awsm-scale-anm awsm-all\">\n\t<div id=\"awsm-member-info-1731-1814\" class=\"awsm-modal-content\">\n\t\t<div class=\"awsm-modal-content-main\">\n\t\t\t<div class=\"awsm-modal-image-main\">\n\t\t\t\t<img loading=\"lazy\" decoding=\"async\" width=\"500\" height=\"500\" src=\"https:\/\/ademinsa.com\/aulavirtual\/wp-content\/uploads\/2020\/05\/profesor2-500x500.jpg\" class=\"attachment-awsm_team size-awsm_team wp-post-image\" alt=\"\" \/>\t\t\t<\/div>\n\t\t\t<div class=\"awsm-modal-details\">\n\t\t\t\t<h3>Expositor Principal<\/h3><h2>Alejandro Calder\u00f3n Aguirre<\/h2><p>Chefe de oficina de Remanufacturacion de motores navales (mantenimiento corectivo): Rectificados In Situ Motores CAT 3508 \/ D399 \/ D398 \/ 3412, Perkins 3012 \/ 4012, Sulzer ZL40-48 Motor Mirles Blackstone MTU , GMT A230 ,GM 278 \/ 371, Alco MLW DL- 535B CKD, MAN 9 ASL 25\/30 \/, Daihatsu, Fuji6L G27.5 xDG<\/p>\n<div class=\"awsm-social-icons\"><span><a href=\"mailto:acalderon@ademinsa.com\"><i class=\"awsm-icon-mail\" aria-hidden=\"true\"><\/i><\/a><\/span><span><a href=\"tel:+5117731396\"><i class=\"awsm-icon-phone\" aria-hidden=\"true\"><\/i><\/a><\/span><span><a href=\"tel:+51900922091\"><i class=\"awsm-icon-whatsapp\" aria-hidden=\"true\"><\/i><\/a><\/span><span><a href=\"https:\/\/www.linkedin.com\/in\/alejandro-calderon-aguirre-422905158\/\" target=\"_blank\"><i class=\"awsm-icon-linkedin\" aria-hidden=\"true\"><\/i><\/a><\/span><\/div>\t\t\t<\/div>\n\t\t<\/div>\n\t<\/div>\n<\/div>\n<div id=\"slide-ins-1731-1911\" class=\"awsm-modal-item awsm-scale-anm awsm-all\">\n\t<div id=\"awsm-member-info-1731-1911\" class=\"awsm-modal-content\">\n\t\t<div class=\"awsm-modal-content-main\">\n\t\t\t<div class=\"awsm-modal-image-main\">\n\t\t\t\t<img loading=\"lazy\" decoding=\"async\" width=\"440\" height=\"440\" src=\"https:\/\/ademinsa.com\/aulavirtual\/wp-content\/uploads\/2020\/06\/alvaro.jpg\" class=\"attachment-awsm_team size-awsm_team wp-post-image\" alt=\"\" \/>\t\t\t<\/div>\n\t\t\t<div class=\"awsm-modal-details\">\n\t\t\t\t<h3>Ingeniero Mec\u00e1nico<\/h3><h2>Alvaro Reyna B.<\/h2><p>Ingeniero mec\u00e1nico, con conocimientos en el \u00e1rea de control de calidad y en el \u00e1rea de mantenimiento, con experiencia en compa\u00f1\u00edas mineras, plataformas petroleras, refiner\u00edas, cementeras, astilleros, etc. Especializado en el \u00e1rea de corrosi\u00f3n y soldadura.<\/p>\n<p>Inspector certificado de Soldadura (CWI \u2013 AWS 12081961) por la American Welding Society \u2013 USA. ASNT NDT Level III N. 205531 por la American Society for Nondestructive Testing. Inspector Autorizado de tuber\u00edas API-570 N. 55892. Inspector Autorizado de recipientes a presi\u00f3n API \u2013 510 N. 76332, Inspector Autorizado de Tanques de almacenamiento API \u2013 653 N. 83437, Nivel II PCN en Ultrasonido Universidad Lavender \u2013 USA.<\/p>\n<p>&nbsp;<\/p>\n<div class=\"awsm-social-icons\"><span><a href=\"mailto:agreyna@ademinsa.com\"><i class=\"awsm-icon-mail\" aria-hidden=\"true\"><\/i><\/a><\/span><span><a href=\"tel:51 954 783 537\"><i class=\"awsm-icon-whatsapp\" aria-hidden=\"true\"><\/i><\/a><\/span><\/div>\t\t\t<\/div>\n\t\t<\/div>\n\t<\/div>\n<\/div>\n<div id=\"slide-ins-1731-2089\" class=\"awsm-modal-item awsm-scale-anm awsm-all\">\n\t<div id=\"awsm-member-info-1731-2089\" class=\"awsm-modal-content\">\n\t\t<div class=\"awsm-modal-content-main\">\n\t\t\t<div class=\"awsm-modal-image-main\">\n\t\t\t\t<img loading=\"lazy\" decoding=\"async\" width=\"437\" height=\"500\" src=\"https:\/\/ademinsa.com\/aulavirtual\/wp-content\/uploads\/2020\/07\/RAMIRO-437x500.png\" class=\"attachment-awsm_team size-awsm_team wp-post-image\" alt=\"\" \/>\t\t\t<\/div>\n\t\t\t<div class=\"awsm-modal-details\">\n\t\t\t\t<h3>Ingeniero Mec\u00e1nico Electricista<\/h3><h2>ING. RAMIRO ESCOBAR<\/h2><p><em>Ingeniero Mec\u00e1nico-electricista<\/em><\/p>\n<p><strong><em>Colegiatura: \u00a0CIP 32425<\/em><\/strong><\/p>\n<p><strong><em>Inspector API 653 50979 (Tanques de almacenamiento por American Petroleum Institute)<\/em><\/strong><\/p>\n<p><strong><em>SNT TC Nivel III IRT<\/em><\/strong><\/p>\n<p><em>SNT TC Nivel II en UT, PT, MT, VT, VA<\/em><\/p>\n<p><strong>SNT Nivel I AET, ET<\/strong><\/p>\n<p><strong>Analista de motores el\u00e9ctricos online y offline. <\/strong><\/p>\n<p><strong><em>L\u00edder de proyectos de mantenimiento rcm, predictivo y comisionamiento<\/em><\/strong><\/p>\n<p><strong>Especialista en Mantenimiento el\u00e9ctrico NFPA70B y pruebas NETA MTS<\/strong><\/p>\n<p><strong>Especialista en Mantenimiento de transformadores de potencia y SSEE<\/strong><\/p>\n<p><strong>Especialista en sistemas de puesta a tierra seg\u00fan IEEE 80\/81<\/strong><\/p>\n<p><strong>Auditor l\u00edder certificado ISO 9001:2015 por el TEC de Monterrey <\/strong><\/p>\n<p><strong>Inspector autorizado API 653<\/strong><\/p>\n<p><strong>Instructor y auditor API spec Q1 Q2 sistemas de gesti\u00f3n de calidad API\u00a0 <\/strong><\/p>\n<p><strong>Especialista en Bombas y sistemas de Bombeo API610 <\/strong><\/p>\n<p><strong>Ingeniero de Dise\u00f1os ASME B31.1\u00a0\u00a0\u00a0 <\/strong><\/p>\n<p><strong>Especialista en seguridad el\u00e9ctrica seg\u00fan NFPA 70E e IEEE 1584<\/strong><\/p>\n\t\t\t<\/div>\n\t\t<\/div>\n\t<\/div>\n<\/div>\n\t\t\t\t\t\t\n\t\t\t<\/div>\n\t\t<\/div>\n\t\t\n\t<\/div>\n<\/div>\n\n<\/div>\n\t\t\t\t<\/div>\n\t\t\t\t<\/div>\n\t\t\t\t\t\t<\/div>\n\t\t\t\t\t<\/div>\n\t\t<\/div>\n\t\t\t\t\t\t\t\t<\/div>\n\t\t\t\t\t<\/div>\n\t\t<\/section>\n\t\t\t\t\t\t<\/div>\n\t\t\t\t\t\t<\/div>\n\t\t\t\t\t<\/div>\n\t\t","protected":false},"excerpt":{"rendered":"","protected":false},"author":2,"featured_media":0,"parent":0,"menu_order":0,"comment_status":"closed","ping_status":"closed","template":"","meta":{"pmpro_default_level":0,"_expiration-date-status":"","_expiration-date":0,"_expiration-date-type":"","_expiration-date-categories":[],"_expiration-date-options":[],"footnotes":""},"_links":{"self":[{"href":"https:\/\/ademinsa.com\/aulavirtual\/wp-json\/wp\/v2\/pages\/1438"}],"collection":[{"href":"https:\/\/ademinsa.com\/aulavirtual\/wp-json\/wp\/v2\/pages"}],"about":[{"href":"https:\/\/ademinsa.com\/aulavirtual\/wp-json\/wp\/v2\/types\/page"}],"author":[{"embeddable":true,"href":"https:\/\/ademinsa.com\/aulavirtual\/wp-json\/wp\/v2\/users\/2"}],"replies":[{"embeddable":true,"href":"https:\/\/ademinsa.com\/aulavirtual\/wp-json\/wp\/v2\/comments?post=1438"}],"version-history":[{"count":3,"href":"https:\/\/ademinsa.com\/aulavirtual\/wp-json\/wp\/v2\/pages\/1438\/revisions"}],"predecessor-version":[{"id":1732,"href":"https:\/\/ademinsa.com\/aulavirtual\/wp-json\/wp\/v2\/pages\/1438\/revisions\/1732"}],"wp:attachment":[{"href":"https:\/\/ademinsa.com\/aulavirtual\/wp-json\/wp\/v2\/media?parent=1438"}],"curies":[{"name":"wp","href":"https:\/\/api.w.org\/{rel}","templated":true}]}}