{"id":2,"date":"2020-05-03T21:35:22","date_gmt":"2020-05-03T21:35:22","guid":{"rendered":"http:\/\/localhost\/frecuencia\/?page_id=2"},"modified":"2020-06-16T17:20:47","modified_gmt":"2020-06-16T22:20:47","slug":"pagina-ejemplo","status":"publish","type":"page","link":"https:\/\/ademinsa.com\/aulavirtual\/pagina-ejemplo\/","title":{"rendered":"Webinars en L\u00ednea"},"content":{"rendered":"\t\t<div data-elementor-type=\"wp-page\" data-elementor-id=\"2\" class=\"elementor elementor-2\" data-elementor-settings=\"[]\">\n\t\t\t\t\t\t<div class=\"elementor-inner\">\n\t\t\t\t\t\t\t<div class=\"elementor-section-wrap\">\n\t\t\t\t\t\t\t<section class=\"elementor-section elementor-top-section elementor-element elementor-element-7cc8a6c elementor-section-boxed elementor-section-height-default elementor-section-height-default\" data-id=\"7cc8a6c\" data-element_type=\"section\">\n\t\t\t\t\t\t<div class=\"elementor-container elementor-column-gap-default\">\n\t\t\t\t\t\t\t<div class=\"elementor-row\">\n\t\t\t\t\t<div class=\"elementor-column elementor-col-100 elementor-top-column elementor-element elementor-element-11783d2\" data-id=\"11783d2\" data-element_type=\"column\">\n\t\t\t<div class=\"elementor-column-wrap elementor-element-populated\">\n\t\t\t\t\t\t\t<div class=\"elementor-widget-wrap\">\n\t\t\t\t\t\t<div class=\"elementor-element elementor-element-308492b eael-product-grid-column-3 elementor-widget elementor-widget-eicon-woocommerce\" data-id=\"308492b\" data-element_type=\"widget\" data-widget_type=\"eicon-woocommerce.default\">\n\t\t\t\t<div class=\"elementor-widget-container\">\n\t\t\t\n        <div class=\"eael-product-grid eael-product-simple masonry\" id=\"eael-product-grid\" data-widget-id=\"308492b\" data-page-id=\"2\" data-nonce=\"556222204b\" >\n            <div class=\"woocommerce\">\n                <ul class=\"products\" data-layout-mode=\"masonry\">    <li class=\"product\">\n        <div class=\"eael-product-wrap\">\n                        <img fetchpriority=\"high\" decoding=\"async\" width=\"300\" height=\"168\" src=\"https:\/\/ademinsa.com\/aulavirtual\/wp-content\/uploads\/2020\/06\/descarga-1.jpg\" class=\"attachment-medium size-medium\" alt=\"\" loading=\"eager\" \/><div class=\"eael-product-title\">\n            <a href=\"https:\/\/ademinsa.com\/aulavirtual\/producto\/inspeccion-visual-nivel-i-y-ii-2\/\" class=\"woocommerce-LoopProduct-link woocommerce-loop-product__link\"><h2 class=\"woocommerce-loop-product__title\">INSPECCI\u00d3N VISUAL NIVEL I Y II<\/h2><\/a>\n            <\/div><div class=\"eael-product-price\">US <span class=\"woocommerce-Price-amount amount\"><bdi><span class=\"woocommerce-Price-currencySymbol\">&#36;<\/span>472.00<\/bdi><\/span><\/div>            <a href=\"?add-to-cart=2387\" data-quantity=\"1\" class=\"button product_type_simple add_to_cart_button ajax_add_to_cart \" data-product_id=\"2387\" data-product_sku=\"\" aria-label=\"A\u00f1ade &ldquo;INSPECCI\u00d3N VISUAL NIVEL I Y II&rdquo; a tu carrito\" rel=\"nofollow\">A\u00f1adir al carrito<\/a>        <\/div>\n    <\/li>\n        <li class=\"product\">\n        <div class=\"eael-product-wrap\">\n                        <img decoding=\"async\" width=\"266\" height=\"189\" src=\"https:\/\/ademinsa.com\/aulavirtual\/wp-content\/uploads\/2024\/11\/images.jpg\" class=\"attachment-medium size-medium\" alt=\"\" loading=\"eager\" \/><div class=\"eael-product-title\">\n            <a href=\"https:\/\/ademinsa.com\/aulavirtual\/producto\/leak-testing-nivel-i-y\/\" class=\"woocommerce-LoopProduct-link woocommerce-loop-product__link\"><h2 class=\"woocommerce-loop-product__title\">LEAK TESTING NIVEL I Y II<\/h2><\/a>\n            <\/div><div class=\"eael-product-price\">US <span class=\"woocommerce-Price-amount amount\"><bdi><span class=\"woocommerce-Price-currencySymbol\">&#36;<\/span>407.00<\/bdi><\/span><\/div>            <a href=\"?add-to-cart=2318\" data-quantity=\"1\" class=\"button product_type_simple add_to_cart_button ajax_add_to_cart \" data-product_id=\"2318\" data-product_sku=\"\" aria-label=\"A\u00f1ade &ldquo;LEAK TESTING NIVEL I Y II&rdquo; a tu carrito\" rel=\"nofollow\">A\u00f1adir al carrito<\/a>        <\/div>\n    <\/li>\n        <li class=\"product\">\n        <div class=\"eael-product-wrap\">\n                        <img decoding=\"async\" width=\"300\" height=\"200\" src=\"https:\/\/ademinsa.com\/aulavirtual\/wp-content\/uploads\/2022\/02\/aceites-y-lubricantes-300x200.jpg\" class=\"attachment-medium size-medium\" alt=\"\" loading=\"eager\" \/><div class=\"eael-product-title\">\n            <a href=\"https:\/\/ademinsa.com\/aulavirtual\/producto\/lubricacion-control-de-la-contaminacion-y-control-de-friccion-de-maquinaria\/\" class=\"woocommerce-LoopProduct-link woocommerce-loop-product__link\"><h2 class=\"woocommerce-loop-product__title\">LUBRICACI\u00d3N, CONTROL DE LA CONTAMINACI\u00d3N Y CONTROL DE FRICCI\u00d3N DE MAQUINARIA<\/h2><\/a>\n            <\/div><div class=\"eael-product-price\">US <span class=\"woocommerce-Price-amount amount\"><bdi><span class=\"woocommerce-Price-currencySymbol\">&#36;<\/span>215.00<\/bdi><\/span><\/div>            <a href=\"?add-to-cart=2286\" data-quantity=\"1\" class=\"button product_type_simple add_to_cart_button ajax_add_to_cart \" data-product_id=\"2286\" data-product_sku=\"\" aria-label=\"A\u00f1ade &ldquo;LUBRICACI\u00d3N, CONTROL DE LA CONTAMINACI\u00d3N Y CONTROL DE FRICCI\u00d3N DE MAQUINARIA&rdquo; a tu carrito\" rel=\"nofollow\">A\u00f1adir al carrito<\/a>        <\/div>\n    <\/li>\n        <li class=\"product\">\n        <div class=\"eael-product-wrap\">\n                        <img decoding=\"async\" width=\"300\" height=\"200\" src=\"https:\/\/ademinsa.com\/aulavirtual\/wp-content\/uploads\/2021\/10\/soldador-300x200.jpg\" class=\"attachment-medium size-medium\" alt=\"\" loading=\"eager\" \/><div class=\"eael-product-title\">\n            <a href=\"https:\/\/ademinsa.com\/aulavirtual\/producto\/curso-y-examen-oficial-cwi-aws\/\" class=\"woocommerce-LoopProduct-link woocommerce-loop-product__link\"><h2 class=\"woocommerce-loop-product__title\">CURSO y EXAMEN OFICIAL CWI - AWS<\/h2><\/a>\n            <\/div><div class=\"eael-product-price\">US <span class=\"woocommerce-Price-amount amount\"><bdi><span class=\"woocommerce-Price-currencySymbol\">&#36;<\/span>2,625.00<\/bdi><\/span><\/div>            <a href=\"?add-to-cart=2209\" data-quantity=\"1\" class=\"button product_type_simple add_to_cart_button ajax_add_to_cart \" data-product_id=\"2209\" data-product_sku=\"\" aria-label=\"A\u00f1ade &ldquo;CURSO y EXAMEN OFICIAL CWI - AWS&rdquo; a tu carrito\" rel=\"nofollow\">A\u00f1adir al carrito<\/a>        <\/div>\n    <\/li>\n        <li class=\"product\">\n        <div class=\"eael-product-wrap\">\n                        <img decoding=\"async\" width=\"300\" height=\"225\" src=\"https:\/\/ademinsa.com\/aulavirtual\/wp-content\/uploads\/2020\/07\/analisis-300x225.jpg\" class=\"attachment-medium size-medium\" alt=\"\" loading=\"eager\" \/><div class=\"eael-product-title\">\n            <a href=\"https:\/\/ademinsa.com\/aulavirtual\/producto\/analisis-vibracional-i\/\" class=\"woocommerce-LoopProduct-link woocommerce-loop-product__link\"><h2 class=\"woocommerce-loop-product__title\">An\u00e1lisis Vibracional Nivel I<\/h2><\/a>\n            <\/div><div class=\"eael-product-price\">US <span class=\"woocommerce-Price-amount amount\"><bdi><span class=\"woocommerce-Price-currencySymbol\">&#36;<\/span>530.00<\/bdi><\/span><\/div>            <a href=\"?add-to-cart=2203\" data-quantity=\"1\" class=\"button product_type_simple add_to_cart_button ajax_add_to_cart \" data-product_id=\"2203\" data-product_sku=\"\" aria-label=\"A\u00f1ade &ldquo;An\u00e1lisis Vibracional Nivel I&rdquo; a tu carrito\" rel=\"nofollow\">A\u00f1adir al carrito<\/a>        <\/div>\n    <\/li>\n        <li class=\"product\">\n        <div class=\"eael-product-wrap\">\n                        <img decoding=\"async\" width=\"300\" height=\"225\" src=\"https:\/\/ademinsa.com\/aulavirtual\/wp-content\/uploads\/2020\/07\/528507_378184898869077_474084341_n-300x225.jpg\" class=\"attachment-medium size-medium\" alt=\"\" loading=\"eager\" \/><div class=\"eael-product-title\">\n            <a href=\"https:\/\/ademinsa.com\/aulavirtual\/producto\/ultrasonido-nivel-i\/\" class=\"woocommerce-LoopProduct-link woocommerce-loop-product__link\"><h2 class=\"woocommerce-loop-product__title\">ULTRASONIDO NIVEL I<\/h2><\/a>\n            <\/div><div class=\"eael-product-price\">US <span class=\"woocommerce-Price-amount amount\"><bdi><span class=\"woocommerce-Price-currencySymbol\">&#36;<\/span>820.00<\/bdi><\/span><\/div>            <a href=\"?add-to-cart=2068\" data-quantity=\"1\" class=\"button product_type_simple add_to_cart_button ajax_add_to_cart \" data-product_id=\"2068\" data-product_sku=\"\" aria-label=\"A\u00f1ade &ldquo;ULTRASONIDO NIVEL I&rdquo; a tu carrito\" rel=\"nofollow\">A\u00f1adir al carrito<\/a>        <\/div>\n    <\/li>\n        <li class=\"product\">\n        <div class=\"eael-product-wrap\">\n                        <img decoding=\"async\" width=\"300\" height=\"295\" src=\"https:\/\/ademinsa.com\/aulavirtual\/wp-content\/uploads\/2020\/07\/da1653fe8c-300x295.jpg\" class=\"attachment-medium size-medium\" alt=\"\" loading=\"eager\" \/><div class=\"eael-product-title\">\n            <a href=\"https:\/\/ademinsa.com\/aulavirtual\/producto\/alineamiento-de-maquinas\/\" class=\"woocommerce-LoopProduct-link woocommerce-loop-product__link\"><h2 class=\"woocommerce-loop-product__title\">ALINEAMIENTO DE MAQUINAS<\/h2><\/a>\n            <\/div><div class=\"eael-product-price\">US <span class=\"woocommerce-Price-amount amount\"><bdi><span class=\"woocommerce-Price-currencySymbol\">&#36;<\/span>190.00<\/bdi><\/span><\/div>            <a href=\"?add-to-cart=2056\" data-quantity=\"1\" class=\"button product_type_simple add_to_cart_button ajax_add_to_cart \" data-product_id=\"2056\" data-product_sku=\"\" aria-label=\"A\u00f1ade &ldquo;ALINEAMIENTO DE MAQUINAS&rdquo; a tu carrito\" rel=\"nofollow\">A\u00f1adir al carrito<\/a>        <\/div>\n    <\/li>\n        <li class=\"product\">\n        <div class=\"eael-product-wrap\">\n                        <img decoding=\"async\" width=\"300\" height=\"216\" src=\"https:\/\/ademinsa.com\/aulavirtual\/wp-content\/uploads\/2020\/07\/Balanceo-dinamico-300x216.jpg\" class=\"attachment-medium size-medium\" alt=\"\" loading=\"eager\" \/><div class=\"eael-product-title\">\n            <a href=\"https:\/\/ademinsa.com\/aulavirtual\/producto\/analisis-vibracional-nivel-i\/\" class=\"woocommerce-LoopProduct-link woocommerce-loop-product__link\"><h2 class=\"woocommerce-loop-product__title\">BALANCEO DIN\u00c1MICO<\/h2><\/a>\n            <\/div><div class=\"eael-product-price\">US <span class=\"woocommerce-Price-amount amount\"><bdi><span class=\"woocommerce-Price-currencySymbol\">&#36;<\/span>180.00<\/bdi><\/span><\/div>            <a href=\"?add-to-cart=2051\" data-quantity=\"1\" class=\"button product_type_simple add_to_cart_button ajax_add_to_cart \" data-product_id=\"2051\" data-product_sku=\"\" aria-label=\"A\u00f1ade &ldquo;BALANCEO DIN\u00c1MICO&rdquo; a tu carrito\" rel=\"nofollow\">A\u00f1adir al carrito<\/a>        <\/div>\n    <\/li>\n        <li class=\"product\">\n        <div class=\"eael-product-wrap\">\n                        <img decoding=\"async\" width=\"300\" height=\"300\" src=\"https:\/\/ademinsa.com\/aulavirtual\/wp-content\/uploads\/2020\/07\/TERMOGRAFIA-I-300x300.jpeg\" class=\"attachment-medium size-medium\" alt=\"\" loading=\"eager\" \/><div class=\"eael-product-title\">\n            <a href=\"https:\/\/ademinsa.com\/aulavirtual\/producto\/termografia-nivel-i\/\" class=\"woocommerce-LoopProduct-link woocommerce-loop-product__link\"><h2 class=\"woocommerce-loop-product__title\">TERMOGRAFIA NIVEL I<\/h2><\/a>\n            <\/div><div class=\"eael-product-price\">US <span class=\"woocommerce-Price-amount amount\"><bdi><span class=\"woocommerce-Price-currencySymbol\">&#36;<\/span>1,000.00<\/bdi><\/span><\/div>            <a href=\"?add-to-cart=2030\" data-quantity=\"1\" class=\"button product_type_simple add_to_cart_button ajax_add_to_cart \" data-product_id=\"2030\" data-product_sku=\"\" aria-label=\"A\u00f1ade &ldquo;TERMOGRAFIA NIVEL I&rdquo; a tu carrito\" rel=\"nofollow\">A\u00f1adir al carrito<\/a>        <\/div>\n    <\/li>\n    <\/ul>            <\/div>\n        <\/div>\n        <script type=\"text\/javascript\">\n            jQuery(document).ready(function($) {\n                var $scope = jQuery(\".elementor-element-308492b\");\n                var $products = $('.products', $scope);\n                var $layout_mode = $products.data('layout-mode');\n                \n                if ( $layout_mode === 'masonry' ) {\n                    \/\/ init isotope\n                    var $isotope_products = $products.isotope({\n                        itemSelector: \"li.product\",\n                        layoutMode: $layout_mode,\n                        percentPosition: true\n                    });\n\n                    $isotope_products.imagesLoaded().progress( function() {\n                        $isotope_products.isotope('layout');\n                    })\n\n                    $(window).on('resize', function() {\n                        $isotope_products.isotope('layout');\n                    });\n                }\n            });\n        <\/script>\n        \t\t<\/div>\n\t\t\t\t<\/div>\n\t\t\t\t\t\t<\/div>\n\t\t\t\t\t<\/div>\n\t\t<\/div>\n\t\t\t\t\t\t\t\t<\/div>\n\t\t\t\t\t<\/div>\n\t\t<\/section>\n\t\t\t\t\t\t<\/div>\n\t\t\t\t\t\t<\/div>\n\t\t\t\t\t<\/div>\n\t\t","protected":false},"excerpt":{"rendered":"<p>Curso de Capacitaci\u00f3n Crankshaft \/ Cigue\u00f1ales US &#36;259.60 A\u00f1adir al carrito PART\u00cdCULAS MAGN\u00c9TICAS NIVEL I Y II US &#36;472.00 Leer m\u00e1s INSPECCI\u00d3N VISUAL NIVEL I Y II US &#36;472.00 A\u00f1adir al carrito CURSO TINTES PENETRANTES NIVEL I Y II US &#36;354.00 A\u00f1adir al carrito<\/p>\n","protected":false},"author":2,"featured_media":0,"parent":0,"menu_order":0,"comment_status":"closed","ping_status":"open","template":"","meta":{"pmpro_default_level":0,"_expiration-date-status":"","_expiration-date":0,"_expiration-date-type":"","_expiration-date-categories":[],"_expiration-date-options":[],"footnotes":""},"_links":{"self":[{"href":"https:\/\/ademinsa.com\/aulavirtual\/wp-json\/wp\/v2\/pages\/2"}],"collection":[{"href":"https:\/\/ademinsa.com\/aulavirtual\/wp-json\/wp\/v2\/pages"}],"about":[{"href":"https:\/\/ademinsa.com\/aulavirtual\/wp-json\/wp\/v2\/types\/page"}],"author":[{"embeddable":true,"href":"https:\/\/ademinsa.com\/aulavirtual\/wp-json\/wp\/v2\/users\/2"}],"replies":[{"embeddable":true,"href":"https:\/\/ademinsa.com\/aulavirtual\/wp-json\/wp\/v2\/comments?post=2"}],"version-history":[{"count":11,"href":"https:\/\/ademinsa.com\/aulavirtual\/wp-json\/wp\/v2\/pages\/2\/revisions"}],"predecessor-version":[{"id":1982,"href":"https:\/\/ademinsa.com\/aulavirtual\/wp-json\/wp\/v2\/pages\/2\/revisions\/1982"}],"wp:attachment":[{"href":"https:\/\/ademinsa.com\/aulavirtual\/wp-json\/wp\/v2\/media?parent=2"}],"curies":[{"name":"wp","href":"https:\/\/api.w.org\/{rel}","templated":true}]}}