{"id":3,"date":"2020-05-03T21:35:22","date_gmt":"2020-05-03T21:35:22","guid":{"rendered":"http:\/\/localhost\/frecuencia\/?page_id=3"},"modified":"2020-06-08T12:57:46","modified_gmt":"2020-06-08T17:57:46","slug":"politica-privacidad","status":"publish","type":"page","link":"https:\/\/ademinsa.com\/aulavirtual\/politica-privacidad\/","title":{"rendered":"Pol\u00edtica de privacidad"},"content":{"rendered":"<p>Conforme a lo establecido en la Ley N\u00b0 29733, Ley de Protecci\u00f3n de Datos Personales y el Decreto Supremo N\u00b0 003-2013-JUS, por el que se aprueba el Reglamento, <strong>ADEMINSA &#8211; GROUP OF COMPANIES TRAINING AND CERTIFICATION CENTER S.A.C.<\/strong> ha elaborado la presente Pol\u00edtica de Privacidad, que le informa a los usuarios que navegan por el sitio web https:\/\/ademinsa.com\/aulavirtual\/ la manera como <strong>ADEMINSA &#8211; GROUP OF COMPANIES TRAINING AND CERTIFICATION CENTER S.A.C.<\/strong> trata y utiliza su informaci\u00f3n.<\/p>\n<p><span style=\"text-decoration: underline;\"><strong>1. \u00bfQU\u00c9 INFORMACI\u00d3N RECOLECTAMOS?<\/strong><\/span><\/p>\n<p><strong>ADEMINSA &#8211; GROUP OF COMPANIES TRAINING AND CERTIFICATION CENTER S.A.C.<\/strong> recopila la siguiente informaci\u00f3n del usuario:<\/p>\n<p>A. <span style=\"text-decoration: underline;\">Datos Personales<\/span>:<br \/>&#8211; Invitaciones a eventos: Al suscribir sus datos podr\u00e1 ser invitado a los pr\u00f3ximos cursos o eventos de la compa\u00f1\u00eda, se le solicitar\u00e1 que proporcione la siguiente informaci\u00f3n personal: Nombre completo y correo electr\u00f3nico.<\/p>\n<p><span style=\"text-decoration: underline;\"><strong>2. SOBRE LA VERACIDAD DE LOS DATOS PERSONALES<\/strong><\/span><br \/>El Usuario declara que los Datos Personales proporcionados son verdaderos, completos y exactos. Cada Usuario es responsable por la veracidad, exactitud, vigencia y autenticidad de los Datos Personales suministrados.<\/p>\n<p>Sin perjuicio de lo anterior, el Usuario autoriza a <strong>ADEMINSA &#8211; GROUP OF COMPANIES TRAINING AND CERTIFICATION CENTER S.A.C.<\/strong> a verificar la veracidad de los Datos Personales facilitados a trav\u00e9s de informaci\u00f3n obtenida de fuentes de acceso p\u00fablico o de entidades especializadas en la provisi\u00f3n de dicha de informaci\u00f3n.<br \/><strong>ADEMINSA &#8211; GROUP OF COMPANIES TRAINING AND CERTIFICATION CENTER S.A.C.<\/strong> no se hace responsable de la veracidad de la informaci\u00f3n que no sea de elaboraci\u00f3n propia, por lo que tampoco asume responsabilidad alguna por posibles da\u00f1os o perjuicios que pudieran originarse por el uso de dicha informaci\u00f3n.<\/p>\n<p><span style=\"text-decoration: underline;\"><strong>3. BANCO DE DATOS<\/strong><\/span><br \/><strong>ADEMINSA &#8211; GROUP OF COMPANIES TRAINING AND CERTIFICATION CENTER S.A.C.<\/strong> le informa que sus datos personales ser\u00e1n almacenados en un banco de datos privado y de utilizaci\u00f3n interna, de propiedad \u00fanica y exclusiva de <strong>ADEMINSA &#8211; GROUP OF COMPANIES TRAINING AND CERTIFICATION CENTER S.A.C.<\/strong> El responsable del tratamiento del banco de datos personales es <strong>ADEMINSA &#8211; GROUP OF COMPANIES TRAINING AND CERTIFICATION CENTER S.A.C.<\/strong> ubicada en Lima \u2013 Per\u00fa, Sudam\u00e9rica y con R.U.C.: 20556909106.<\/p>\n<p>A trav\u00e9s de la presente Pol\u00edtica de Privacidad el Usuario da su consentimiento expreso para la inclusi\u00f3n de su informaci\u00f3n en los mencionados bancos de datos.<\/p>\n<p><span style=\"text-decoration: underline;\"><strong>4. \u00bfPARA QU\u00c9 UTILIZAMOS LA INFORMACI\u00d3N?<\/strong><\/span><br \/>La informaci\u00f3n del Usuario se utiliza para las siguientes finalidades:<br \/>&#8211; Para conocer a las instituciones o personas naturales o jur\u00eddicas que est\u00e1n interesadas en participar en los distintos cursos o eventos que la compa\u00f1\u00eda realice.<br \/>&#8211; Para tener conocimiento de los temas de inter\u00e9s o coyuntura que a los participantes les gustar\u00eda que se aborden durante alguna de las sesiones de los cursos y\/o eventos.<br \/>A trav\u00e9s de la aceptaci\u00f3n de la presente Pol\u00edtica de Privacidad, el Usuario autoriza y otorga su consentimiento, de manera previa, libre, expresa e inequ\u00edvoca y gratuita, para el tratamiento de sus Datos Personales.<\/p>\n<p><span style=\"text-decoration: underline;\"><strong>5. \u00bfC\u00d3MO RESGUARDAMOS LA INFORMACI\u00d3N DEL USUARIO?<\/strong><\/span><br \/><strong>ADEMINSA &#8211; GROUP OF COMPANIES TRAINING AND CERTIFICATION CENTER S.A.C.<\/strong> adopta las medidas de seguridad necesarias para garantizar la protecci\u00f3n de la informaci\u00f3n del Usuario para evitar su alteraci\u00f3n, p\u00e9rdida, tratamiento y\/o acceso no autorizado, habida cuenta del estado de la t\u00e9cnica, la naturaleza de los datos almacenados y los riesgos a que est\u00e1n expuestos. <strong>ADEMINSA &#8211; GROUP OF COMPANIES TRAINING AND CERTIFICATION CENTER S.A.C.<\/strong> emplea diversas medidas de seguridad para evitar accesos no autorizados.<\/p>\n<p>Cabe resaltar, <strong>ADEMINSA &#8211; GROUP OF COMPANIES TRAINING AND CERTIFICATION CENTER S.A.C.<\/strong> no se hace responsable por interceptaciones ilegales o violaci\u00f3n de sus sistemas o bases de datos por parte de personas no autorizadas, as\u00ed como la indebida utilizaci\u00f3n de la informaci\u00f3n obtenida por esos medios, o de cualquier intromisi\u00f3n ileg\u00edtima que escape al control de <strong>ADEMINSA &#8211; GROUP OF COMPANIES TRAINING AND CERTIFICATION CENTER S.A.C.<\/strong> y que no le sea imputable.<\/p>\n<p><span style=\"text-decoration: underline;\"><strong>6. INFORMACI\u00d3N DEL USUARIO SOLICITADA POR AUTORIDADES P\u00daBLICAS<\/strong><\/span><\/p>\n<p><strong>ADEMINSA &#8211; GROUP OF COMPANIES TRAINING AND CERTIFICATION CENTER S.A.C.<\/strong> no divulgar\u00e1, ni vender\u00e1 su informaci\u00f3n a ninguna otra persona natural o jur\u00eddica, salvo que la transferencia de datos personales a un tercero tenga como finalidad las previamente determinadas por , <strong>ADEMINSA &#8211; GROUP OF COMPANIES TRAINING AND CERTIFICATION CENTER S.A.C.<\/strong> y se haya prestado el debido consentimiento para ello, con excepci\u00f3n de los siguientes casos: (i) solicitudes de informaci\u00f3n de autoridades p\u00fablicas en ejercicio de sus funciones y el \u00e1mbito de sus competencias; (ii) solicitudes de informaci\u00f3n en virtud de \u00f3rdenes judiciales; y, (iii) solicitudes de informaci\u00f3n en virtud de disposiciones legales.<\/p>\n<p><span style=\"text-decoration: underline;\"><strong>7. DERECHOS CONCEDIDOS POR LA LEY DE PROTECCI\u00d3N DE DATOS PERSONALES<\/strong><\/span><\/p>\n<p>El titular de los datos personales podr\u00e1 ejercer sus derechos de informaci\u00f3n, acceso, actualizaci\u00f3n, rectificaci\u00f3n, inclusi\u00f3n, oposici\u00f3n y cancelaci\u00f3n de sus datos personales materia de tratamiento, mediante petici\u00f3n dirigida a la siguiente direcci\u00f3n de correo electr\u00f3nico: ademinsa@ademinsa.com . Indicando como asunto: \u201cProtecci\u00f3n de Datos.<\/p>\n<p><span style=\"text-decoration: underline;\"><strong>8. DATOS DE CONTACTO<\/strong><\/span><\/p>\n<p><strong>ADEMINSA &#8211; GROUP OF COMPANIES TRAINING AND CERTIFICATION CENTER S.A.C.<\/strong> est\u00e1 comprometida con los principios de responsabilidad social en el manejo de los datos de los actores que est\u00e9n vinculados directa o indirectamente; por lo tanto, si tiene alguna pregunta, duda o sugerencia sobre nuestras pol\u00edticas de privacidad y manejo de datos, por favor escribanos a ademinsa@ademinsa.com.<\/p>\n","protected":false},"excerpt":{"rendered":"<p>Conforme a lo establecido en la Ley N\u00b0 29733, Ley de Protecci\u00f3n de Datos Personales y el Decreto Supremo N\u00b0 003-2013-JUS, por el que se aprueba el Reglamento, ADEMINSA &#8211; GROUP OF COMPANIES TRAINING AND CERTIFICATION CENTER S.A.C. ha elaborado la presente Pol\u00edtica de Privacidad, que le informa a los usuarios que navegan por el &hellip;<\/p>\n<p class=\"read-more\"> <a class=\"\" href=\"https:\/\/ademinsa.com\/aulavirtual\/politica-privacidad\/\"> <span class=\"screen-reader-text\">Pol\u00edtica de privacidad<\/span> Leer m\u00e1s &raquo;<\/a><\/p>\n","protected":false},"author":2,"featured_media":0,"parent":0,"menu_order":0,"comment_status":"closed","ping_status":"closed","template":"","meta":{"pmpro_default_level":0,"_expiration-date-status":"","_expiration-date":0,"_expiration-date-type":"","_expiration-date-categories":[],"_expiration-date-options":[],"footnotes":""},"_links":{"self":[{"href":"https:\/\/ademinsa.com\/aulavirtual\/wp-json\/wp\/v2\/pages\/3"}],"collection":[{"href":"https:\/\/ademinsa.com\/aulavirtual\/wp-json\/wp\/v2\/pages"}],"about":[{"href":"https:\/\/ademinsa.com\/aulavirtual\/wp-json\/wp\/v2\/types\/page"}],"author":[{"embeddable":true,"href":"https:\/\/ademinsa.com\/aulavirtual\/wp-json\/wp\/v2\/users\/2"}],"replies":[{"embeddable":true,"href":"https:\/\/ademinsa.com\/aulavirtual\/wp-json\/wp\/v2\/comments?post=3"}],"version-history":[{"count":3,"href":"https:\/\/ademinsa.com\/aulavirtual\/wp-json\/wp\/v2\/pages\/3\/revisions"}],"predecessor-version":[{"id":1915,"href":"https:\/\/ademinsa.com\/aulavirtual\/wp-json\/wp\/v2\/pages\/3\/revisions\/1915"}],"wp:attachment":[{"href":"https:\/\/ademinsa.com\/aulavirtual\/wp-json\/wp\/v2\/media?parent=3"}],"curies":[{"name":"wp","href":"https:\/\/api.w.org\/{rel}","templated":true}]}}