{"id":2030,"date":"2020-07-07T16:21:48","date_gmt":"2020-07-07T21:21:48","guid":{"rendered":"https:\/\/ademinsa.com\/aulavirtual\/producto\/termografia-nivel-i\/"},"modified":"2025-06-27T11:04:31","modified_gmt":"2025-06-27T16:04:31","slug":"termografia-nivel-i","status":"publish","type":"product","link":"https:\/\/ademinsa.com\/aulavirtual\/producto\/termografia-nivel-i\/","title":{"rendered":"TERMOGRAFIA NIVEL I"},"content":{"rendered":"<p><strong>Objetivo:<\/strong><\/p>\n<p>Dar a conocer los principios de la transferencia de calor aplicados a las t\u00e9cnicas de inspecci\u00f3n termogr\u00e1fica. Familiarizar a los asistentes en el uso y calibraci\u00f3n de las c\u00e1maras termogr\u00e1ficas, que incluir\u00e1 las t\u00e9cnicas de seteo de la emisividad, temperatura reflejada, etc. Estar en la capacidad de elaborar reportes t\u00e9cnico con termogramas de acuerdo a un procedimiento escrito. Conocer las aplicaciones de la inspecci\u00f3n termogr\u00e1fica en las \u00e1reas de mantenimiento predictivo mec\u00e1nico y el\u00e9ctrico, control de procesos, ahorro de energ\u00eda, etc.<\/p>\n<p><strong>Dirigido a :<\/strong><\/p>\n<p>Gerentes de Planta y Mantenimiento, Jefes de Mantenimiento, Ingenieros y Supervisores de Mantenimiento, T\u00e9cnicos Mec\u00e1nicos y El\u00e9ctricos, Inspectores de Mantenimiento, encargados de la ejecuci\u00f3n o auditoria de servicios de termograf\u00eda.<\/p>\n","protected":false},"excerpt":{"rendered":"<p><span data-mce-mark=\"1\">El curso de\u00a0<em><strong>Termograf\u00eda Infrarroja (IRT) Nivel I\u00a0<\/strong><\/em>como mantenimiento industrial predictivo\u00a0proyecta capacitar\u00a0a todo ingeniero, tecn\u00f3logo, t\u00e9cnico, estudiante o persona que est\u00e9\u00a0vinculado con la inspecci\u00f3n y mantenimiento de maquinaria industrial.<\/span><\/p>\n<p><span data-mce-mark=\"1\">El \u00a0estudiante adquirir\u00e1 el conocimiento propio de la t\u00e9cnica de Termograf\u00eda Infrarroja IRT Nivel I y las habilidades necesarias para el manejo de una c\u00e1mara infrarroja y el an\u00e1lisis de\u00a0termogramas obtenidos en la realizaci\u00f3n de pruebas no destructivas a dispositivos y\/o maquinaria industrial.<\/span><\/p>\n<p><a href=\"https:\/\/ademinsa.com\/aulavirtual\/wp-content\/uploads\/2020\/07\/TERMOGRAFIA-Nivel-I.pdf\"><img decoding=\"async\" src=\"https:\/\/ademinsa.com\/aulavirtual\/wp-content\/uploads\/2020\/05\/pdficon.jpg\" \/><\/a><\/p>\n[zoom_api_link meeting_id=\"91612504780\" link_only=\"no\"]\n<table class=\"wp-list-table widefat fixed striped posts\">\n<tbody id=\"the-list\">\n<tr id=\"post-1865\" class=\"iedit author-self level-0 post-1865 type-awsm_team status-publish hentry\">\n<td class=\"shortcode column-shortcode\" data-colname=\"Shortcode\"><code>[awsmteam id=\"1865\"]<\/code><\/p>\n<p>&nbsp;<\/td>\n<\/tr>\n<\/tbody>\n<\/table>\n<p>&nbsp;<\/p>\n","protected":false},"featured_media":2348,"template":"","meta":{"pmpro_default_level":0,"_expiration-date-status":"","_expiration-date":0,"_expiration-date-type":"","_expiration-date-categories":[],"_expiration-date-options":[]},"product_cat":[36],"product_tag":[],"_links":{"self":[{"href":"https:\/\/ademinsa.com\/aulavirtual\/wp-json\/wp\/v2\/product\/2030"}],"collection":[{"href":"https:\/\/ademinsa.com\/aulavirtual\/wp-json\/wp\/v2\/product"}],"about":[{"href":"https:\/\/ademinsa.com\/aulavirtual\/wp-json\/wp\/v2\/types\/product"}],"version-history":[{"count":2,"href":"https:\/\/ademinsa.com\/aulavirtual\/wp-json\/wp\/v2\/product\/2030\/revisions"}],"predecessor-version":[{"id":2313,"href":"https:\/\/ademinsa.com\/aulavirtual\/wp-json\/wp\/v2\/product\/2030\/revisions\/2313"}],"wp:featuredmedia":[{"embeddable":true,"href":"https:\/\/ademinsa.com\/aulavirtual\/wp-json\/wp\/v2\/media\/2348"}],"wp:attachment":[{"href":"https:\/\/ademinsa.com\/aulavirtual\/wp-json\/wp\/v2\/media?parent=2030"}],"wp:term":[{"taxonomy":"product_cat","embeddable":true,"href":"https:\/\/ademinsa.com\/aulavirtual\/wp-json\/wp\/v2\/product_cat?post=2030"},{"taxonomy":"product_tag","embeddable":true,"href":"https:\/\/ademinsa.com\/aulavirtual\/wp-json\/wp\/v2\/product_tag?post=2030"}],"curies":[{"name":"wp","href":"https:\/\/api.w.org\/{rel}","templated":true}]}}