{"id":2159,"date":"2021-03-01T09:56:02","date_gmt":"2021-03-01T14:56:02","guid":{"rendered":"https:\/\/ademinsa.com\/aulavirtual\/?post_type=product&#038;p=2159"},"modified":"2021-04-05T09:17:15","modified_gmt":"2021-04-05T14:17:15","slug":"curso-de-particulas-magneticas","status":"publish","type":"product","link":"https:\/\/ademinsa.com\/aulavirtual\/producto\/curso-de-particulas-magneticas\/","title":{"rendered":"Curso de Part\u00edculas Magn\u00e9ticas"},"content":{"rendered":"<p>Ingresar al contenido del curso, una vez suscrito<\/p>\n<blockquote class=\"wp-embedded-content\" data-secret=\"E56SawffOW\"><p><a href=\"https:\/\/ademinsa.com\/aulavirtual\/curso-de-particulas-magneticas\/\">Curso de Part\u00edculas Magn\u00e9ticas<\/a><\/p><\/blockquote>\n<p><iframe class=\"wp-embedded-content\" sandbox=\"allow-scripts\" security=\"restricted\" style=\"position: absolute; clip: rect(1px, 1px, 1px, 1px);\" title=\"\u00abCurso de Part\u00edculas Magn\u00e9ticas\u00bb \u2014 Ademinsac - Aula Virtual\" src=\"https:\/\/ademinsa.com\/aulavirtual\/curso-de-particulas-magneticas\/embed\/#?secret=ICsGWpy6VP#?secret=E56SawffOW\" data-secret=\"E56SawffOW\" width=\"500\" height=\"282\" frameborder=\"0\" marginwidth=\"0\" marginheight=\"0\" scrolling=\"no\"><\/iframe><\/p>\n<p>&nbsp;<\/p>\n<p>&nbsp;<\/p>\n<p>&nbsp;<\/p>\n<p>&nbsp;<\/p>\n<p>&nbsp;<\/p>\n<p>&nbsp;<\/p>\n<p>&nbsp;<\/p>\n","protected":false},"excerpt":{"rendered":"<p><strong>ADEMINSAC<\/strong><\/p>\n<p>Los invita a participar al <strong>Curso de Part\u00edculas Magn\u00e9ticas Nivel I &#8211; II<\/strong> con derecho al examen de Certificaci\u00f3n.<\/p>\n<p><strong>Objetivo:<\/strong><br \/>\nEl curso ser\u00e1 te\u00f3rico &#8211; pr\u00e1ctico y cubrir\u00e1 los tipos seco y h\u00famedo, visible y fluorescente.<br \/>\nSe utilizar\u00e1n probetas certificadas durante las pr\u00e1cticas.<\/p>\n<p><strong>Dirigido a :<\/strong><br \/>\nGerentes , Superintendentes, Jefes de Ingenier\u00eda, Supervisores y T\u00e9cnicos de Control de Calidad, Producci\u00f3n , T\u00e9cnica, Mantenimiento e Inspecci\u00f3n, involucrados en el desarrollo y ejecuci\u00f3n de los programas de Control de Calidad de piezas fundidas y soldadas, tanto en el proceso de fabricaci\u00f3n, como de aquellos equipos en servicio.<\/p>\n<p><strong>Exponente:\u00a0<\/strong><\/p>\n<p><strong>Ingeniero \u00c1lvaro Reyna B.<\/strong><\/p>\n<p>ASNT NDT Level III N. 205531 en PT, MT, UT, VT, RT, y MFL<br \/>\n\u2022 Certified Welding Inspector (CWI) \u2013 AWS (American<br \/>\nWelding Society) \u2013 USA N. 12081961<br \/>\n\u2022 Inspector certificado API 653 \/ API 510 Y API 570<\/p>\n<p>&nbsp;<\/p>\n[awsmteam id=\"1863\"]\n<p>&nbsp;<\/p>\n<p>&nbsp;<\/p>\n<p>&nbsp;<\/p>\n<p>&nbsp;<\/p>\n<p>&nbsp;<\/p>\n<p>&nbsp;<\/p>\n","protected":false},"featured_media":2179,"template":"","meta":{"pmpro_default_level":0,"_expiration-date-status":"saved","_expiration-date":0,"_expiration-date-type":"","_expiration-date-categories":[],"_expiration-date-options":[]},"product_cat":[55],"product_tag":[],"_links":{"self":[{"href":"https:\/\/ademinsa.com\/aulavirtual\/wp-json\/wp\/v2\/product\/2159"}],"collection":[{"href":"https:\/\/ademinsa.com\/aulavirtual\/wp-json\/wp\/v2\/product"}],"about":[{"href":"https:\/\/ademinsa.com\/aulavirtual\/wp-json\/wp\/v2\/types\/product"}],"version-history":[{"count":9,"href":"https:\/\/ademinsa.com\/aulavirtual\/wp-json\/wp\/v2\/product\/2159\/revisions"}],"predecessor-version":[{"id":2200,"href":"https:\/\/ademinsa.com\/aulavirtual\/wp-json\/wp\/v2\/product\/2159\/revisions\/2200"}],"wp:featuredmedia":[{"embeddable":true,"href":"https:\/\/ademinsa.com\/aulavirtual\/wp-json\/wp\/v2\/media\/2179"}],"wp:attachment":[{"href":"https:\/\/ademinsa.com\/aulavirtual\/wp-json\/wp\/v2\/media?parent=2159"}],"wp:term":[{"taxonomy":"product_cat","embeddable":true,"href":"https:\/\/ademinsa.com\/aulavirtual\/wp-json\/wp\/v2\/product_cat?post=2159"},{"taxonomy":"product_tag","embeddable":true,"href":"https:\/\/ademinsa.com\/aulavirtual\/wp-json\/wp\/v2\/product_tag?post=2159"}],"curies":[{"name":"wp","href":"https:\/\/api.w.org\/{rel}","templated":true}]}}