{"id":2203,"date":"2021-08-14T20:38:30","date_gmt":"2021-08-15T01:38:30","guid":{"rendered":"https:\/\/ademinsa.com\/aulavirtual\/?post_type=product&#038;p=2203"},"modified":"2025-02-13T09:29:22","modified_gmt":"2025-02-13T14:29:22","slug":"analisis-vibracional-i","status":"publish","type":"product","link":"https:\/\/ademinsa.com\/aulavirtual\/producto\/analisis-vibracional-i\/","title":{"rendered":"An\u00e1lisis Vibracional Nivel I"},"content":{"rendered":"<p><strong>AN\u00c1LISIS VIBRACIONAL NIVEL I<\/strong><\/p>\n<p><strong>Fecha: Del 18 al 22 de noviembre, examen y pr\u00e1ctica de manera presencial y on line el s\u00e1bado 23 de noviembre a partir de las 9 am.<\/strong><strong><br \/>\nCertificador: Ing. Alberto Reyna Otayza Level III Vibration Analyst Certified by Technical Associates of Charlotte (USA)<\/strong><\/p>\n<p><strong>Lugar: V\u00eda on line mediante zoom pro<br \/>\nHora: De\u00a05.00 a 9.00 p.m. (Hora Peruana)<\/strong><\/p>\n<p><strong>Incluye:\u00a0Material de estudio digital, derecho al examen por la certificaci\u00f3n y certificado de participaci\u00f3n a nombre de Ademinsa<\/strong><\/p>\n","protected":false},"excerpt":{"rendered":"<p><strong>Objetivo:<\/strong><\/p>\n<p>Brindar las herramientas para que los encargados del mantenimiento puedan identificar y solucionar los problemas de sus m\u00e1quinas antes de producirse el deterioro.<\/p>\n<p><strong>Dirigido a :<\/strong><\/p>\n<p>Gerentes de Planta y Mantenimiento, Jefes de Mantenimiento, Ingenieros y Supervisores de Mantenimiento, T\u00e9cnicos Mec\u00e1nicos y El\u00e9ctricos, Inspectores de Mantenimiento<\/p>\n","protected":false},"featured_media":2230,"template":"","meta":{"pmpro_default_level":0,"_expiration-date-status":"saved","_expiration-date":0,"_expiration-date-type":"","_expiration-date-categories":null,"_expiration-date-options":{"expireType":"","category":[""],"id":2203}},"product_cat":[36],"product_tag":[],"_links":{"self":[{"href":"https:\/\/ademinsa.com\/aulavirtual\/wp-json\/wp\/v2\/product\/2203"}],"collection":[{"href":"https:\/\/ademinsa.com\/aulavirtual\/wp-json\/wp\/v2\/product"}],"about":[{"href":"https:\/\/ademinsa.com\/aulavirtual\/wp-json\/wp\/v2\/types\/product"}],"version-history":[{"count":7,"href":"https:\/\/ademinsa.com\/aulavirtual\/wp-json\/wp\/v2\/product\/2203\/revisions"}],"predecessor-version":[{"id":2311,"href":"https:\/\/ademinsa.com\/aulavirtual\/wp-json\/wp\/v2\/product\/2203\/revisions\/2311"}],"wp:featuredmedia":[{"embeddable":true,"href":"https:\/\/ademinsa.com\/aulavirtual\/wp-json\/wp\/v2\/media\/2230"}],"wp:attachment":[{"href":"https:\/\/ademinsa.com\/aulavirtual\/wp-json\/wp\/v2\/media?parent=2203"}],"wp:term":[{"taxonomy":"product_cat","embeddable":true,"href":"https:\/\/ademinsa.com\/aulavirtual\/wp-json\/wp\/v2\/product_cat?post=2203"},{"taxonomy":"product_tag","embeddable":true,"href":"https:\/\/ademinsa.com\/aulavirtual\/wp-json\/wp\/v2\/product_tag?post=2203"}],"curies":[{"name":"wp","href":"https:\/\/api.w.org\/{rel}","templated":true}]}}