{"id":2286,"date":"2022-02-16T15:35:23","date_gmt":"2022-02-16T20:35:23","guid":{"rendered":"https:\/\/ademinsa.com\/aulavirtual\/?post_type=product&#038;p=2286"},"modified":"2022-02-16T16:07:55","modified_gmt":"2022-02-16T21:07:55","slug":"lubricacion-control-de-la-contaminacion-y-control-de-friccion-de-maquinaria","status":"publish","type":"product","link":"https:\/\/ademinsa.com\/aulavirtual\/producto\/lubricacion-control-de-la-contaminacion-y-control-de-friccion-de-maquinaria\/","title":{"rendered":"LUBRICACI\u00d3N, CONTROL DE LA CONTAMINACI\u00d3N Y CONTROL DE FRICCI\u00d3N DE MAQUINARIA"},"content":{"rendered":"<ul>\n<li>Conocer el origen del lubricante y sus principales caracter\u00edsticas.<\/li>\n<li>Conocer el comportamiento de los diferentes regimenes de lubricaci\u00f3n S\u00f3lida, L\u00edmite, Mixta, EHL e Hidrodin\u00e1mica en Operaci\u00f3n<\/li>\n<li>Conocer cusa, efecto de la contaminaci\u00f3n en los fluidos y el impacto en el ciclo de vida de los componentes. Soluciones preactivas.<\/li>\n<li>Brindar las herramientas necesarias para que los profesionales de mantenimiento puedan identificar y solucionar problemas relacionados a Fricci\u00f3n de componentes que finalmente promueven mayor temperatura, mayor consumo de energ\u00eda, mayor degradaci\u00f3n de fluidos, mayor fatiga de material, r\u00e1pido desgaste y falla de componentes.<\/li>\n<\/ul>\n<p><img decoding=\"async\" src=\"https:\/\/ademinsa.com\/aulavirtual\/wp-content\/uploads\/2020\/05\/pdficon.jpg\" \/><\/p>\n<p><a href=\"https:\/\/ademinsa.com\/aulavirtual\/wp-content\/uploads\/2022\/02\/PROGRAMA-DE-CURSO-DE-FLUIDOS-LUBE-CONTROL-DE-LA-CONTAMINACION-Y-TRIBOLOGIA-APLICADA-16-HRS-2.pdf\">https:\/\/ademinsa.com\/aulavirtual\/wp-content\/uploads\/2022\/02\/PROGRAMA-DE-CURSO-DE-FLUIDOS-LUBE-CONTROL-DE-LA-CONTAMINACION-Y-TRIBOLOGIA-APLICADA-16-HRS-2.pdf<\/a><\/p>\n<p>&nbsp;<\/p>\n<p>&nbsp;<\/p>\n<p>&nbsp;<\/p>\n","protected":false},"excerpt":{"rendered":"<p><strong>Fecha: Del 22 al 25 de febrero de 2022<\/strong><strong><br \/>\n<\/strong><strong>Expositor: Ing. Edgar Guti\u00e9rrez<br \/>\nLugar: V\u00eda on line mediante zoom pro<br \/>\nHora: De 17:00 a 21:00 p.m.<br \/>\nIncluye: Material de estudio y certificado de participaci\u00f3n a nombre de Ademinsa<\/strong><\/p>\n<p>&nbsp;<\/p>\n<p>&nbsp;<\/p>\n<p>&nbsp;<\/p>\n","protected":false},"featured_media":2287,"template":"","meta":{"pmpro_default_level":0,"_expiration-date-status":"","_expiration-date":0,"_expiration-date-type":"","_expiration-date-categories":[],"_expiration-date-options":[]},"product_cat":[36],"product_tag":[],"_links":{"self":[{"href":"https:\/\/ademinsa.com\/aulavirtual\/wp-json\/wp\/v2\/product\/2286"}],"collection":[{"href":"https:\/\/ademinsa.com\/aulavirtual\/wp-json\/wp\/v2\/product"}],"about":[{"href":"https:\/\/ademinsa.com\/aulavirtual\/wp-json\/wp\/v2\/types\/product"}],"version-history":[{"count":7,"href":"https:\/\/ademinsa.com\/aulavirtual\/wp-json\/wp\/v2\/product\/2286\/revisions"}],"predecessor-version":[{"id":2295,"href":"https:\/\/ademinsa.com\/aulavirtual\/wp-json\/wp\/v2\/product\/2286\/revisions\/2295"}],"wp:featuredmedia":[{"embeddable":true,"href":"https:\/\/ademinsa.com\/aulavirtual\/wp-json\/wp\/v2\/media\/2287"}],"wp:attachment":[{"href":"https:\/\/ademinsa.com\/aulavirtual\/wp-json\/wp\/v2\/media?parent=2286"}],"wp:term":[{"taxonomy":"product_cat","embeddable":true,"href":"https:\/\/ademinsa.com\/aulavirtual\/wp-json\/wp\/v2\/product_cat?post=2286"},{"taxonomy":"product_tag","embeddable":true,"href":"https:\/\/ademinsa.com\/aulavirtual\/wp-json\/wp\/v2\/product_tag?post=2286"}],"curies":[{"name":"wp","href":"https:\/\/api.w.org\/{rel}","templated":true}]}}

LUBRICACIÓN, CONTROL DE LA CONTAMINACIÓN Y CONTROL DE FRICCIÓN DE MAQUINARIA

<ul>
<li>Conocer el origen del lubricante y sus principales características.</li>
<li>Conocer el comportamiento de los diferentes regimenes de lubricación Sólida, Límite, Mixta, EHL e Hidrodinámica en Operación</li>
<li>Conocer cusa, efecto de la contaminación en los fluidos y el impacto en el ciclo de vida de los componentes. Soluciones preactivas.</li>
<li>Brindar las herramientas necesarias para que los profesionales de mantenimiento puedan identificar y solucionar problemas relacionados a Fricción de componentes que finalmente promueven mayor temperatura, mayor consumo de energía, mayor degradación de fluidos, mayor fatiga de material, rápido desgaste y falla de componentes.</li>
</ul>
<p><img decoding="async" src="https://ademinsa.com/aulavirtual/wp-content/uploads/2020/05/pdficon.jpg" /></p>
<p><a href="https://ademinsa.com/aulavirtual/wp-content/uploads/2022/02/PROGRAMA-DE-CURSO-DE-FLUIDOS-LUBE-CONTROL-DE-LA-CONTAMINACION-Y-TRIBOLOGIA-APLICADA-16-HRS-2.pdf">https://ademinsa.com/aulavirtual/wp-content/uploads/2022/02/PROGRAMA-DE-CURSO-DE-FLUIDOS-LUBE-CONTROL-DE-LA-CONTAMINACION-Y-TRIBOLOGIA-APLICADA-16-HRS-2.pdf</a></p>
<p>&nbsp;</p>
<p>&nbsp;</p>
<p>&nbsp;</p>

<p><strong>Fecha: Del 22 al 25 de febrero de 2022</strong><strong><br />
</strong><strong>Expositor: Ing. Edgar Gutiérrez<br />
Lugar: Vía on line mediante zoom pro<br />
Hora: De 17:00 a 21:00 p.m.<br />
Incluye: Material de estudio y certificado de participación a nombre de Ademinsa</strong></p>
<p>&nbsp;</p>
<p>&nbsp;</p>
<p>&nbsp;</p>
